ivative of l(u). Give s(-6).
-6
Let r(b) = b - 2. Let o = -2 - -4. Let f(v) = v**3 - 2*v**2 + 2*v - 6. Let s be f(4). Suppose 5*g = 2*x + 2*x + s, -4*x = -o*g + 16. What is r(g)?
4
Let l(s) = -18*s - 1. Suppose -q + 3 = -n, -2*q + 3*n - 6*n = -1. Determine l(q).
-37
Let z be ((-2)/2)/(-2 + 1). Let y(j) = 1 - 3*j - z - 3*j - 2*j**2. What is y(-4)?
-8
Let y(b) be the first derivative of -b**3/3 + 5*b**2/2 - b + 2. Let g be y(4). Suppose 2*f = 1 - g. Let n(z) = -3*z**3 + 2*z + 1. Give n(f).
2
Let i(r) = 5 - r - 5 - 3. Suppose -2*z + 26 - 5 = 3*l, 13 = -4*z + 5*l. Determine i(z).
-6
Let w(x) = 3*x**3 + 4*x**2 - 2*x + 1. Let b(g) = -13*g**3 - 17*g**2 + 9*g - 4. Let h(d) = 2*b(d) + 9*w(d). Let k be h(-2). Let l(q) = -4*q - 1. Determine l(k).
-5
Let y(i) = i**3 - 2*i - 4 + 7*i**2 - 5*i**2 + 4*i**2 + 0*i**3. What is y(-6)?
8
Suppose -g - 8 = 3*c + 8, g + 8 = -c. Let b(q) = -q**2 - 10*q - 3. Let i(h) = 3*h**2 + 29*h + 9. Let r(p) = -17*b(p) - 6*i(p). What is r(g)?
-3
Let x be (3 + 1)*1/2. Let c(q) = 2 - 2*q**x + 0*q**2 + q**2. Suppose -2*a + 0*m - m = 4, -5*a - 5*m - 5 = 0. Calculate c(a).
-7
Let n(z) = 3 + 1 - 3 - 2*z + z. Let t = 8 + -16. Let u = 4 + t. Give n(u).
5
Let q be 15 - ((-3)/(-1) - 3). Let x be (-1)/(-5) - 48/q. Let m(v) = 4 + 4*v + 4*v - 4*v. What is m(x)?
-8
Let p(i) = -3*i**3 + 5*i**2 - i + 8. Let t(m) = 4*m**3 - 8*m**2 + 2*m - 12. Let c(u) = 7*p(u) + 5*t(u). Determine c(-6).
14
Let l be 4*2/(8/3). Let a(d) = -9*d + 9. Let b(n) = -n + 1. Let v(k) = 4*a(k) - 33*b(k). What is v(l)?
-6
Let p(n) = -n**3 + 6*n**2 - 5*n + 6. Let z(k) = -k**3 + 7*k**2 - 6*k + 5. Let m(q) = -7*p(q) + 6*z(q). What is m(0)?
-12
Let l be (-2)/4*16/(-1). Suppose -d = d + l. Let a(f) = -f**3 - 4*f**2 + 3*f + 6. What is a(d)?
-6
Let t(z) be the second derivative of -z**5/5 - z**4/12 + z**2/2 - z. Let u be 2/(-3) + (-4)/12. Give t(u).
4
Let n(r) = -r - 1. Let g(z) = 5*z + 2. Let a(w) = g(w) + 6*n(w). Let l(i) = -i + 10. Suppose 0 = -5*b + 13 + 17. Let f be l(b). Calculate a(f).
-8
Let d(i) = i - 11. Let k be d(5). Let g be k/((-2)/1) - 6. Let q(j) = -j**2 - 3*j - 4. What is q(g)?
-4
Let t(l) = l**2 - l + 5. Let h be t(4). Suppose -13*y + h*y = 0. Let g(z) be the third derivative of -z**4/24 + z**3/6 - z**2. Determine g(y).
1
Let b(a) = -a + 2. Let z be b(-3). Suppose 4 + 16 = -z*q. Let n(f) be the first derivative of f**4/4 + 5*f**3/3 + 2*f**2 - 1. Determine n(q).
0
Let v(n) be the second derivative of n**5/20 + 5*n**4/12 - 4*n**3/3 - 7*n**2/2 + 3*n - 9. Suppose 4 = -m - 2. What is v(m)?
5
Let p(l) = l + 1. Let r(c) = -2*c + 3. Let s be r(4). What is p(s)?
-4
Let g(q) = -4*q + 4*q + q - 3 + 2. What is g(-5)?
-6
Let c(v) = v**3 - 6*v**2 + 4*v - 2. Suppose -3*y + 105 = 2*q + 2*y, q - 5*y - 45 = 0. Suppose 0 = -4*o + 4*a, -6*o - 5*a + q = -o. Determine c(o).
-7
Let b(c) = 2*c - 1. Let y(q) = -1. Let i(g) = b(g) - 2*y(g). Determine i(-2).
-3
Let b(o) = 50*o**3 + 2 - 51*o**3 + 5*o - 5*o**2 - 2. Let d be -2*1/2 - 5. Determine b(d).
6
Let m(n) = -14*n**3 + n**2 - n + 1. Suppose 0 = -4*j + 2 + 6. Suppose 0 = -j*l + 4 - 2. Calculate m(l).
-13
Suppose -89 = -11*u - 34. Let v(z) = 0*z + 3*z - 7 - z. Calculate v(u).
3
Let c = -18 - -25. Let n(y) = -7*y**2 + 19*y - 16. Let s(f) = -4*f**2 + 10*f - 8. Let m(g) = 3*n(g) - 5*s(g). What is m(c)?
-8
Suppose 0 = 5*g - i - 28, -10 = -4*g + 2*i + 16. Let f(h) = h - 7. Calculate f(g).
-2
Let j(n) = n**3 + n + 1. Let p(b) = b + 7. Let l be p(-7). Let f be j(l). Let h(x) = -21*x - 10. Let q(s) = 14*s + 7. Let t(u) = -5*h(u) - 7*q(u). What is t(f)?
8
Let c(a) = a**3 - 6*a - 2*a + 8*a - 4 - a**2 - 2*a. Determine c(3).
8
Let p(u) = u**2 - u - 1. Let q(x) = -5*x**2 + 7. Let w(l) = -4*p(l) - q(l). Let m(y) = 2*y + 13. Let r be m(-9). Determine w(r).
2
Let p(y) be the first derivative of y**4/4 - y**3/3 - 3*y**2/2 - 3*y + 3. What is p(3)?
6
Let o(x) = x - 1. Suppose i + 0*i = 0. Suppose 3*m + 1 = -i*m + u, u = -m - 3. Let n be (2 + -3 - m) + -4. What is o(n)?
-5
Let v(i) = i - 1. Let u be (16/(-10))/((-2)/5). What is v(u)?
3
Let b(y) be the first derivative of 3*y**3 + y**2/2 + 1. Let a = -50 + 51. Determine b(a).
10
Suppose 5 + 4 = 3*n. Let k(b) = -4 + 5*b**2 - 3*b**3 - b**3 + 3*b**3 - 3*b. Calculate k(n).
5
Let l(f) = f**3 - f**2 + f + 1. Let b(i) = -4*i**3 - 5*i + 2. Let k(p) = -b(p) - 5*l(p). Calculate k(5).
-7
Let t(p) = 7*p**2 - p + 1. Let i = 4 + 0. Let k = i - 4. Let h be 1/(k - (1 + -2)). Determine t(h).
7
Let g(s) = 8*s**2 - 5*s - 7. Let v(i) = 4*i**2 - 2*i - 3. Let c(h) = -3*g(h) + 7*v(h). Calculate c(-1).
3
Let k(v) be the first derivative of v**3 + 11*v**2/2 + 8*v - 1. Let o(i) = i**2 + 5*i + 4. Let r(m) = 2*k(m) - 5*o(m). Suppose -5*j + 5 = -20. Calculate r(j).
6
Let g(k) = 2*k**2 + 4*k + 11. Let b(m) = m**2 + 2*m + 5. Let q(p) = 7*b(p) - 3*g(p). Give q(-2).
2
Suppose -3*d + d = -3*z + 16, -z - 4 = 4*d. Suppose 3*a + a - z = 0. Let q(t) = a - t - t**2 - 5*t + t. Calculate q(-5).
1
Let n(h) = -h**2 - 2*h - 1. Let m = -19 - -30. Let x = m - 6. Suppose -3*y - 6 = c, 3*c + 2 + 8 = -x*y. Give n(y).
-1
Let z(o) = o**2 + 9. Let x(n) = -n**3 - 4*n**2 + 2. Let v be x(-4). Suppose -3*w = -v*w. What is z(w)?
9
Let j(v) = -v**2 + 9*v - 5. Let u be j(8). Let n(i) = 3 + 0 - 3*i + 4*i + u*i**2 - 2*i**2. Determine n(-3).
9
Let f be -2 - (-2 - -4 - 1). Let h(x) = x**3 - 3*x**2 - 6*x - 2. Let j(g) = g. Let c(b) = f*j(b) - h(b). What is c(4)?
-2
Let z(c) = c + 1. Let l be 6/(-4)*(-6 - 20/(-15)). Give z(l).
8
Let r(f) = -3*f + 11. Let v(q) = -2*q + 6. Let k(i) = -3*r(i) + 5*v(i). Determine k(-6).
3
Let t(x) = x**3 - 4*x + 3. Let o be t(2). Let f(r) = r. Give f(o).
3
Let d = -3 + -1. Let z = d + 6. Let y(n) = -3 + 2*n + 3*n**2 + n**3 - n**2 - 3*n**2. Determine y(z).
5
Let i(o) = 4*o - 9. Let n be 4*(-3)/(-18)*9. Give i(n).
15
Let q(t) = t**3 + 5*t**2 + 9*t + 21. Let x be q(-4). Let o(g) be the first derivative of x - 4*g - 1/2*g**2. Calculate o(-3).
-1
Suppose -3 = -2*h + 3. Let b(s) = 7 + 7*s - 2*s + 7*s**2 + 0*s + h*s + s**3. Give b(-6).
-5
Let x(f) = 2*f**2 + 3*f + 3. Suppose -u + 4 + 1 = -n, 0 = -4*n - 2*u - 2. Give x(n).
5
Let g(a) = 4*a**3 + 2*a + 1. Suppose -3*t + 4*c - 41 = -14, 0 = t - c + 9. Let j = t + 14. Suppose 0 = j*b, 6*z = z + 4*b - 5. Calculate g(z).
-5
Let w(a) be the second derivative of -7*a**3/6 + a**2/2 + 12*a. What is w(1)?
-6
Let n(s) = -1. Let a(m) = m**2 - m + 1. Let b(p) = 5*p**2 - 12*p + 9. Let q(j) = -6*a(j) + b(j). Let i(y) = 6*n(y) + q(y). Give i(-4).
5
Let v = 38 - 39. Let f(q) = 2 - 3 - 10*q**2 + 0. What is f(v)?
-11
Let c(b) = -6*b**2 + 9*b - 6. Let f be -4*(-1 - (-2)/(-4)). Let u(x) = 7*x**2 - 10*x + 7. Let r(k) = f*c(k) + 5*u(k). Determine r(4).
-1
Let t(o) = -5*o - 10. Let s(x) = 10*x + 19. Let i(b) = -6*s(b) - 11*t(b). Suppose 4 = -2*k + 3*k. Let n = k + -7. Determine i(n).
11
Let l = 5 - 4. Let t(c) = -9*c + 1. Let m be t(l). Let q be (20/m)/((-1)/(-2)). Let k(y) = -y - 7. What is k(q)?
-2
Let i(v) = -v**3 + 2*v**2 + v - 1. Let l = 6 - -2. Suppose -7*c = -3*c - l. Suppose -5 = -c*d - 1. Determine i(d).
1
Let h(k) be the second derivative of -k**3/6 - 13*k**2/2 + 6*k. Calculate h(-6).
-7
Let g = -2 + 9. Let n(b) = -4 - g - b + 2*b. Let u(t) = 1. Let k(w) = n(w) + u(w). Determine k(5).
-5
Let p(y) be the second derivative of -y**5/20 + y**3/3 + y**2/2 + 9*y. Calculate p(-2).
5
Let i(c) = 2*c**3 - c**2 + 1. Let d(o) = -3*o**3 + o**2 - o - 2. Let w(x) = -3*d(x) - 5*i(x). Let k = -2 - -5. Determine w(k).
1
Let k(f) = -2*f**2 + 9*f + 7. Let y be k(5). Let n(b) = b**2 - 3*b. What is n(y)?
-2
Let i(b) = -5*b + 2. Let g = 29 - 31. Give i(g).
12
Let y(u) = 4*u - 9. Let j(f) = 3*f - 10. Let q(w) = 5*j(w) - 4*y(w). Determine q(-7).
-7
Let o(d) be the first derivative of 6*d**2 + d + 6. Give o(-1).
-11
Let u(k) = -k**2 + k. Let p(y) = 3*y**3 - 4*y**2 + 7*y + 1. Let b(m) = -p(m) + 5*u(m). Determine b(-1).
3
Suppose -7*w - 14 = -8*w. Let a = w - 12. Let v(j) be the first derivative of -2*j**2 + 2*j + 1. Give v(a).
-6
Suppose 4*b + 3 = 19. Let v(q) = -q**2 + 3*q - 1. Calculate v(b).
-5
Let p = -1 - -3. Let i(n) = -2 - p*n + 0*n**2 + 0*n**2 + 0*n**2 + n**2. Determine i(3).
1
Let n(u) = -5*u - 4 + 8*u**2 + 10*u**2 - 17*u**2. What is n(6)?
2
Let l(w) = -w**3 - 5*w**2 + 7*w + 2. Suppose 3 = -5*m - 3*c - 0, -2*c - 2 = -4*m. Let y =